se -4*s + 1 = -4*i - 3, 2*s + 5*i = 2. Let l(r) = r + 39*r - s + 26*r + 34*r. Let w be l(1). What is the greatest common divisor of 9 and w?
9
Let b(r) = -r**3 - 6*r**2 + 10*r + 5. Let n be b(-7). Suppose -9*d = -3*d. Let x be (-1536)/n - (d + -4). Calculate the greatest common divisor of 40 and x.
20
Let k = -513 + 994. Suppose -k - 143 = -4*u. Calculate the highest common factor of u and 39.
39
Suppose 4*m - 2*p + 4*p - 12 = 0, 2*m = -4*p. Suppose 0*y - 3*b + 56 = m*y, -70 = -5*y + 3*b. What is the highest common factor of y and 140?
14
Suppose 9*r = 13*r + 5*x - 12, -5*r + 15 = -3*x. What is the highest common factor of r and 75?
3
Suppose u + 23 - 81 = 0. What is the greatest common divisor of 203 and u?
29
Let f be 4*88/16 + 7. Suppose 3*h + m + 3*m = 589, 2*m = -h + 193. What is the highest common factor of f and h?
29
Let u(y) = -y**2 + 12*y + 11. Let m be u(8). Let k = m + -29. Calculate the greatest common divisor of 112 and k.
14
Let q = 16 + -6. Let a be (-2)/12 + 250/60. What is the greatest common factor of a and q?
2
Let x(w) = -w**3 + 3*w**2 + 3*w - 7. Let g be x(3). Suppose 228 = g*p + 2*o + 3*o, o = 0. What is the highest common divisor of p and 38?
38
Suppose -5*t - 3*v + 573 = 0, -2*v - 577 = -5*t - 4*v. Suppose -5*g = f - 61, 10 = 2*g - 2*f + 6*f. What is the greatest common divisor of t and g?
13
Let p be (4 + -14)/(2/(-120)). Calculate the highest common divisor of p and 75.
75
Suppose 6*m = 15*m - 18. Let g be -75*((-1)/(-3) - m). Calculate the highest common divisor of g and 25.
25
Let w be -3 + ((-112)/(-4))/(-2). Let v = 10 + w. Let m = 19 + v. What is the greatest common factor of 6 and m?
6
Let u = 151 - 91. Suppose 59*w - u*w + 4 = 0. Calculate the greatest common factor of w and 100.
4
Let l(q) = -q**3 - q**2 + 7*q - 20. Let x be l(-7). Calculate the highest common factor of 45 and x.
45
Suppose 405 = 5*j + 30. Suppose -2*n + 3*n = 2*z + 38, 4*n = 5*z + 140. What is the greatest common factor of n and j?
15
Let s = -110 + 30. Let w = s + 125. Let v(a) = -2*a + 10. Let y be v(-4). Calculate the highest common factor of y and w.
9
Let i be 9/(135/20)*21. Let t = -18 + i. Calculate the greatest common divisor of 25 and t.
5
Let m be (22/55)/(1/10). Suppose 0 = m*b - 3*u - 41, -b - 2*u + 1 + 1 = 0. Calculate the highest common factor of b and 36.
4
Suppose 5*l - 25 - 5 = 0. Let v(b) = b**2 - 3*b + 2. Let j be v(l). Let a be 15/2*(-1 + (-92)/(-12)). What is the greatest common factor of j and a?
10
Let w(f) = -f**3 + 7*f**2 + 5*f - 5. Let x be w(7). Calculate the greatest common factor of 210 and x.
30
Let t(l) = 15*l - 365. Let z be t(47). What is the greatest common divisor of z and 20?
20
Suppose 0 = -7*j + 2*j. Suppose j = 3*r + r - 2*h - 136, -5*h + 76 = 3*r. Calculate the highest common divisor of 32 and r.
32
Let c(t) = -t**3 + 25*t**2 + t - 23. Let d be c(25). What is the highest common divisor of 31 and d?
1
Suppose 4*w - 3*v = 10, 5*v - 22 = 2*w - 5*w. Calculate the highest common factor of w and 14.
2
Let v(f) = 3*f - 16. Let c be v(6). Suppose c*z + z = 60. Suppose 0 = 3*i - 16 - 524. Calculate the greatest common factor of i and z.
20
Suppose 5*t - 28*t = -13984. Calculate the greatest common factor of t and 96.
32
Let p = -106 - -110. Suppose p*w - 11 = 21. What is the highest common factor of w and 64?
8
Let c = 233 + -128. Calculate the greatest common divisor of 35 and c.
35
Let d be (-1 - -5)*-1*(-21)/12. Let a(q) = q**2 + 3*q - 22. Let m be a(d). What is the greatest common divisor of m and 24?
24
Suppose -2*i = -s + 70, 0 = 4*s - 3*s + 5*i - 56. What is the greatest common divisor of 297 and s?
33
Let d be 24/10*(-520)/(-12). Suppose 4*p - 3*n - 38 = 0, 9*n = -3*p + 11*n + 28. Calculate the greatest common divisor of d and p.
8
Suppose 0 = -5*x + 4*a + 25 + 49, 37 = 3*x + 5*a. Suppose 1120 = 49*y - 29*y. Calculate the highest common factor of x and y.
14
Suppose 7*i + 4 = 3*i. Let v be i/(-4) - 143/(-52). Suppose 0*k + v*k - 84 = 0. What is the highest common divisor of 7 and k?
7
Suppose x - 12 = -0*x. Suppose 0 = -2*y - y + x. Suppose -t + k = -y*k - 70, -4*t = -3*k - 229. Calculate the highest common factor of 22 and t.
11
Let y(q) be the third derivative of -17*q**4/24 + 5*q**3/6 - 2*q**2. Let n be y(2). Let s = n - -30. Calculate the greatest common divisor of 7 and s.
1
Let c = -23 - -33. Suppose -5*k - 350 = -10*k. What is the greatest common factor of k and c?
10
Suppose -4*g - 3*w = -71, 2*g - 5*w + w = 30. Let k = -77 - -111. Calculate the greatest common divisor of k and g.
17
Let l be 5/(-7) + (-2 - (-12)/7). Let d be l*1 - (-45 + 28). Calculate the highest common factor of 4 and d.
4
Let d = -403 - -414. Calculate the highest common divisor of d and 88.
11
Let i(n) = -4 + 7*n + 5 - 3 - 1. Let s be i(15). Calculate the greatest common factor of 6 and s.
6
Let c(z) = z**3 + 9*z**2 + z + 21. Let k be c(-9). Calculate the highest common divisor of k and 186.
6
Suppose h - 3*w = -2*h - 6, -w + 14 = -4*h. Let i = 6 + h. Let t(b) = b**2 - 2*b - 28. Let x be t(8). Calculate the highest common factor of x and i.
2
Suppose 48*k + 12 = 52*k. Calculate the highest common divisor of 15 and k.
3
Suppose -5*x = -n - 39, n = 2*n + 4. Let z = 9 - x. Suppose z*c + 45 = 3*c + 5*d, -5*d = -4*c + 205. Calculate the highest common divisor of 20 and c.
10
Let d(k) = k**3 - 5*k**2 + 5*k + 1. Let b be d(4). Suppose 3 = -y + b. Suppose -y*l - 32 = -6*l. Calculate the greatest common divisor of 8 and l.
8
Let v = 17 - -11. Suppose -77*q + 79*q + 46 = 0. Let w = v + q. What is the greatest common factor of 45 and w?
5
Suppose -16*w + 1584 = -1104. What is the highest common divisor of 63 and w?
21
Let c be (108/2)/(18/24). Let k be (-2)/2 + 7 + 3. Let s = -1 + k. What is the greatest common factor of s and c?
8
Suppose 0*v + 8 = z + 2*v, v - 4 = 2*z. Suppose 0 = -2*n - z + 6, -3*s - n + 90 = 0. Let h = 430 + -227. What is the greatest common divisor of s and h?
29
Suppose 0 = 10*p - 8*p - 710. Calculate the greatest common factor of 142 and p.
71
Suppose 2*o + 1 - 9 = 0. Suppose 0*i - 3*i + 7 = 4*u, -u = i - o. What is the highest common factor of 72 and i?
9
Let t be (-85)/30 - (-1)/(-6). Let b be t/5*(2 + -7). Let w be b - (-25 - (3 - 1)). What is the greatest common divisor of w and 6?
6
Let b(l) be the second derivative of -2*l**3/3 + l**2 - 11*l. Let n be b(1). Let m be 0 + 2 + (-4)/n. What is the highest common divisor of 8 and m?
4
Let r be (0 - 3) + 1 + 211. Let k(v) = -10*v - 471. Let s be k(-49). What is the greatest common divisor of s and r?
19
Let w = -202 + 138. Let r = 69 + w. What is the greatest common divisor of r and 15?
5
Suppose o - 116 = -102. Suppose -4*u + 4*d - 8*d = -12, 0 = -3*u - 4*d + 14. Let k be (-106)/(-3) + u/6. What is the greatest common divisor of o and k?
7
Suppose 5*g - 2 = 18. Let p be 172/20 + (-15)/25. Suppose -4*t + p = -g. Calculate the greatest common factor of 12 and t.
3
Suppose 6*p - 6 = 2*z + 2*p, -5*p + 24 = 3*z. Suppose z*y = 4*y + 3*d - 4, 3*y = 2*d + 1. Suppose 3*s - 4 = 2*s. What is the highest common divisor of s and y?
1
Suppose 0 = 4*a - 4, -4*w - a + 81 = -8. Suppose -11 = -3*b + 451. What is the highest common factor of w and b?
22
Let y(n) = 4*n**2 + 7*n - 72. Let i be y(-8). What is the highest common factor of 112 and i?
16
Let j be ((270/(-3))/5)/(3/(-16)). What is the greatest common divisor of j and 120?
24
Let g = -5 - -12. Suppose -p = 2*z - 22, 4*p + g*z - 88 = 3*z. Calculate the greatest common factor of 33 and p.
11
Let v(x) = -4*x - 31. Let w be v(-10). Suppose -6*z - 33 = -w*z. What is the highest common divisor of z and 22?
11
Suppose 0 = 4*g + 3 + 5. Let l be 5/(g - 3) + 45. Calculate the highest common divisor of l and 4.
4
Suppose -14*a - 227 = -3*i - 12*a, -4*a = 5*i - 393. What is the greatest common factor of i and 56?
7
Suppose -3*m + 42 = 9. Suppose 4*o - 1 - m = 0. Calculate the greatest common divisor of o and 39.
3
Suppose 0 = 251*l - 234*l - 4641. Let a(h) = 38*h**2 + h. Let s be a(1). Calculate the greatest common factor of s and l.
39
Let p(w) = -w**3 + 10*w**2 + 6*w - 5. Let u be p(10). Let g = -77 - -99. Calculate the highest common divisor of u and g.
11
Let l(x) = -x**2 - 4. Let f be l(0). Let i(z) = -z**2 - 4*z - 1. Let